?
-70
What is the value of (-2 - 146) + (-12 - -88)?
-72
Evaluate 71 + (-77 - (72 - 92)).
14
What is -74 + -39 + -32 + 126?
-19
What is -43 - (14 + 7 + 26 + -40)?
-50
Evaluate 28 + (35 - -1) + (1291 - 1293).
62
What is the value of -15 - (-21 - (-40 - -52)) - -43?
61
What is the value of -13 + (-4 - -2) + (-311 + 141 - -189)?
4
What is the value of -43 + (-65 - -168) - 11?
49
What is the value of 40 + 18 + 4 - 19?
43
Calculate 65 + (-24 - -36) - (-15 - -2 - 2).
92
What is 5 - 7 - -5 - (-8 + -16 + -15 + 10)?
32
Evaluate (-3 - -77) + (-16 - (7 + -22)) + (0 - 2).
71
Evaluate (10 - (-56 + 40)) + -22.
4
What is -17 - ((90 - 6) + -14 + 16 + -23)?
-80
What is 6 + 1 - (-26 + -5 + 10 + 18)?
10
-17 + 20 + -30 + 3
-24
-24 + (-10 + 15 - -2) - -16 - 6
-7
Evaluate -13 - (8 + -10) - (-15 - 2).
6
What is -43 + (12 - (94 + -53))?
-72
Evaluate 1 - (25 + -28) - (11 + (-1 - 9) + -1).
4
What is -1 + 4 + -2309 + 2337?
31
1 - -8 - (50 + -23 + 14 + -6)
-26
Calculate (64 - (-55 + 111)) + (-62 - (-1 + 0 + 0)).
-53
Calculate (1 - -72) + (1581 - 1554) + (0 - (0 - 1)).
101
What is the value of -3 - (-3 + -7) - 3 - (11 + 31 + -36)?
-2
-57 + 8 + 1 + 85
37
What is 99 - 113 - (-4 - (-4 + (-4 - -4)))?
-14
Calculate 11 + (24 - (-4 - (-8 - 6))).
25
What is the value of -41 + -18 + 5 + -44 + 69?
-29
(-2 - -3 - 21 - -34) + 1 + 1
16
Evaluate (8 - (0 - (1 - 1 - 4))) + 374 + -363.
15
What is 22 + 20 + -28 - (9 + (-6 - -1))?
10
What is the value of 0 + -5 + 5 + -26 - -48?
22
(-8 + 0 - (-91 + 39 + -28)) + (3 - 1)
74
Calculate (17 - (97 - (7 - -8) - 19)) + -9.
-55
What is (11 - (8 - (-16 + 26))) + -56?
-43
Evaluate (-7 + -16 - -8 - -139) + -18.
106
36 - 10 - 13 - (-20 + 4)
29
What is the value of (6 - (10 - 6)) + (0 + 13 - (36 + -32))?
11
What is 29 + -19 + (24 - 56) - -106?
84
Calculate 1 - (13 + (-1 - 26) + 30 + -10).
-5
Calculate 10 + (40 - (23 + 13) - (-3 + -1)).
18
What is -30 - (30 - (29 + -10 - 19))?
-60
Calculate (-1 + (-5 - (25 - 15)) - 6) + 13.
-9
-297 + 231 + 1 + -6 + 13
-58
What is the value of -4 - (7 + (10 + 4 + -14 - 5))?
-6
What is 22 - (-3 + (-25 - (-14 + 13)))?
49
What is (-62 + -43 + 65 - 6) + 175?
129
Evaluate -1041 - -1050 - (2 - (-34 - 1 - 4)).
-32
Evaluate (-1 - 16) + (-1366 - -1413) + -31 + 0.
-1
-15 - (-12 - (13 - 35) - 48)
23
Evaluate -6 + 68 - 2 - (3 + (-3 - 7)) - 8.
59
What is 48 + 2 - (-68 - -83)?
35
Calculate 16 - (108 - (88 + -7)).
-11
Calculate (-10 + 18 + -10 - (-68 - -2)) + -6.
58
What is the value of -30 - (-32 + -38) - (-3 + 5)?
38
What is -25 - (0 - (15 - 10)) - -100?
80
Evaluate 4 + (17 - (-36 - -28)) - 43.
-14
Calculate 537 - 674 - (-9 - 250).
122
Evaluate 3 + -40 + (65 + -51 - 27).
-50
What is the value of 1 + (-11 - -5) + (-31 - (-30 + 21))?
-27
Calculate 54 - 61 - (6 - (-14 + 2)).
-25
What is (-120 - (-294 + 153)) + (0 - 45)?
-24
What is the value of -404 + 339 + (33 - -1)?
-31
What is -7 + (-1 - -2 - (10 + -11 + -2)) + 47?
44
16 + (-3 + 47 - (-67 + 85))
42
Calculate 0 - 7 - (282 + -146 + -187).
44
What is the value of (-785 - -715) + 2 + 15?
-53
Evaluate 53 - (120 - 10) - -43.
-14
Evaluate 45 - (-37 + (-29 + 7 - -38)).
66
-48 - (-37 + (2 - -19))
-32
Calculate 14 - ((7 - 80) + 47).
40
Evaluate (-914 - -927) + 26 + -2.
37
What is the value of 10 - (-3 + 29 + -13) - -3 - -84?
84
What is -5 + 68 + -34 - (-70 - -23)?
76
Evaluate -23 + -12 + (22 - (-4 + 19)).
-28
-32 + 50 + -3 - ((4 - 8) + 0 - -95)
-76
-10 - ((0 - 0) + 0) - (3 - (328 - 178))
137
Calculate 18 + (-38 - -44) + -42 - (43 + 0).
-61
Evaluate -25 + 2 + -8 + 1 + 153.
123
What is the value of 27 + -30 + 55 + (-35 - -32)?
49
What is -4 + (1 - 115) - ((-28 - (-14 + 2)) + 13)?
-115
3 - (-59 + 69 - 61)
54
Evaluate -65 - -25 - (23 - 101).
38
Evaluate -556 + 572 - (33 - 0) - (2 - 52).
33
What is the value of (-27 - -21) + 6 + 7 + 0 + -2 + -1?
4
Calculate (-8 - -27 - 9) + -6 - (-49 + 38).
15
Calculate -12 + 6 + (19 - 8) + (13 - 91) + 12.
-61
Calculate 92 - (-96 + 74 + 69).
45
Evaluate -14 - (5 - -1) - (95 - 158).
43
Evaluate (641 - 702) + (3 - 8) + 19.
-47
What is the value of -6 + (-17 - -39) + (-4 - 7)?
5
What is 5 + -20 + 7 + (9 + -30 - -15)?
-14
Calculate (-71 - -92) + 3 + (18 - 1).
41
What is the value of -56 + 70 + (29 - (8 - 14)) + -6?
43
Calculate -708 + 660 + (2 - -92).
46
(-342 - -415) + (-7 - (-25 - 6))
97
What is the value of -8 + (-122 + 124 - (0 + (0 - 0))) - -35?
29
3 + 13 + -18 + (12 - 4) + 4
10
Calculate -5 + -1 + -6 + 10 + 8.
6
What is (-6 - 49) + 201 - 50?
96
Evaluate 195 + -96 - (3 + 10) - (1 + 6).
79
Calculate -48 + -2 + 2 + 35 + (7 - 43) - 8.
-57
What is the value of (-9 - 17 - -1) + (9 - 46)?
-62
Evaluate -132 - (13 + -3 - (11 - (30 - 20) - 1)).
-142
(43 + -32 - (3 + -3)) + -6 + 26
31
What is 27 + (141 - 168) + -1 + 55 + 1?
55
What is the value of -15 + (-254 - -258) + (-2 - -30)?
17
-204 - -157 - (4 - (-1 - -6) - -2)
-48
What is the value of ((13 - 74) + 12 - -13) + -45?
-81
What is the value of 9 + (1015 - 1088) + -1 + 7?
-58
Evaluate (24 - (-30 - -80)) + -49 + -17.
-92
-70 + 51 + 27 + (-56 - -3)
-45
What is the value of -106 + (4 - (-6 + 2 + 9) - (10 + -18))?
-99
What is the value of (49 + (1 - -1) - (328 - 329)) + 4 + 1?
57
Calculate (60 - 1) + (-8 + 10 - (159 + -172)).
74
What is 13 + (7 + 1 - (-306 - -250))?
77
What is -4 - ((16 - (-12 + 16)) + -23 + (-55 - -1))?
61
What is the value of 32 - (63 - 35) - 7?
-3
12 + (-7 + 7 - (8 + -8 + 2))
10
What is the value of (-8 - (2 + 4) - (5 + -11)) + 14?
6
Calculate (-132 - (35 + 0)) + 149.
-18
What is (-87 + 88 - (-5 - -5)) + 21?
22
Evaluate -7 - (12 - (4 - 6) - (1 - -45)).
25
What is 8 - (18 - 39 - -29 - -52)?
-52
(-22 - -2) + 10 - (-2 + 4 + 0 + 103)
-115
Evaluate 12 + (24 - 22 - (-8 + (12 - 4) + 64)).
-50
Calculate 5 + -3 + (15 - -6).
23
What is the value of 2 - 22 - (-133 + 59 - -120)?
-66
Evaluate -463 - -471 - ((-5 - -6) + -28).
35
Evaluate 9 + -14 + 102 + -19.
78
What is 684 + -644 - (37 - 2)?
5
Evaluate 5 + -8 + 21 + (-22 - 5).
-9
Evaluate -1 + -43 + -26 + 35 + (20 - 31).
-46
Evaluate (-12 - -14) + 42 - (18 - (8 + 1)).
35
Evaluate 162 + -78 + (-93 - -33).
24
Calculate (-2 + -18 + 3 - -27) + -23.
-13
Evaluate 2925 + -2962 - (0 - 80).
43
What is the value of 28 + 44 + 84 + -172?
-16
Evaluate (-3 + 42 - 60) + (1 - -19) + -13.
-14
Calculate -22 + (47 - (8 - -6)) + (-13 - -2).
0
What is the value of (1148 - 1123 - (0 + 14)) + (0 - -57)?
68
What is the value of 9 - ((22 + -30 - 9) + 29)?
-3
(-10 - -38 - (10 + 11)) + (1 - 0)
8
What is -5 + -1 - (-17 + -20 - (6 + -7 + -9))?
21
What is the value of 7 - -1 - ((63 - 30) + -91)?
66
What is the value of 25 + 3 + 56 + 19 - (0 + 13)?
90
Evaluate 133 - (28 + 22) - 65.
18
What is 121 + -102 + -22 + -2 - -21?
16
What is the value of 35 - (-78 - -16 - -76)?
21
Evaluate (49 - 40) + (5 - 1 - (-4 + 2)) + -4.
11
-35 + -7 + 19 + -5 - (-1 + 8 - 0)
-35
What is 2 - (-73 - -44) - -7?
38
What is (-15 - 1) + -2679 + 2665?
-30
What is the value of -18 - (12 + -2 + -72)?
44
Calculate -81 + -5 - (4 - 53 - -33).
-70
What is the value of -3 + -14 + 328 + -370?
-59
-7 - 14 - (3 - (27 + -12 + -6))
-15
-25 - -2 - (227 + -237) - (-1 - -7)
-19
15 + -6 + 44 + -2 + (22 - 37)
36
Calculate 0 - (61 + 62) - (-4 + 2 - (-4 - -4)).
-121
Evaluate 2 + (-3 - 60) + (-31 - -38 - (24 + -6)).
-72
Calculate -24 - ((-3 - (-60 - -31)) + (-4 - 11)).
-35
Evaluate (-1 - (-24 + 4)) + (27 - (103 + -47)).
-10
(-1 - -3) + (63 - ((72 - (28 - 0)) + -15))
36
Calculate 12 + (-15 + 22 + -9 - (-69 + 72)).
7
Calculate -15 + (30 - 21) + -57 + 11.
-52
(-19 - 5) + 17 + (0 - -7) + 2 + -14
-12
Evaluate 22 + 0 + (-120 - (-92 + -37)).
31
What is the value of -14 + -6 - ((11 - 0) + -32)?
1
-3 - -11 - (-46 - (-14 - (-31 - -8)))
63
What is the value of (47266 - 47387) + (1 - (-2 + (-1 - -3))) + -12?
-132
What is (-71 - -170) + -31 + -59?
9
What is 10 - (14 - (12 - (-9 + (32 - 15))))?
0
What is the value of -23 - (-10 + -16 + 3 + 3)?
-3
Calculate (-112 - -124 - (1 + 18)) + 37.
30
-45 + 50 + -30 - (67 + (-1 - -1))
-92
What is (86 - 31 - 71) + 15?
-1
-206 + 139 + 11 + 17
-39
What is 63 - ((7 - 56) + 63)?
49
Calculate (9 + -66 - -22) + 2 + 4 + 2 + -1.
-28
What is 115 + (21 + -21 + -44 - -13)?
84
Evaluate (-75 + -3 + 16 - -6) + (-8 - 4) + 10.
-58
Calculate 36 + -76 - (-15 + -59).
34
What is 10 + -24 + (1 - -1) - (2972 - 3030)?
46
What is the value of -66 